ose -5*o - x = x - d, o - 2*x - 20 = 0. What are the prime factors of o?
2, 5
Let b be (-8 + 7)/((-1)/3). Suppose 0 = b*g - 6, -60 = 2*x - 4*x - 3*g. What are the prime factors of x?
3
Suppose -2*n = -2*r + 22, -3*r - 2*n + 17 = -31. Let d be 1/5 - 96/(-20). Let f = r - d. List the prime factors of f.
3
Let s = -5 + 7. Let d be ((-9)/(-3))/(-1 + s). Suppose 5*a = d*i - 13, -2*a + 13 = 2*i - a. List the prime factors of i.
2, 3
Suppose 26*w - 1850 = 16*w. List the prime factors of w.
5, 37
Suppose -3*z + 638 = -544. List the prime factors of z.
2, 197
Let i be (-5)/((-4)/96*-4). Let x = 7 - i. List the prime factors of x.
37
Let h be (1 + -3)*(-2)/4. List the prime factors of 1 - (0 + -2 + h).
2
Let r(l) = 4*l**2 + 5*l + 5. What are the prime factors of r(-3)?
2, 13
Suppose 0 = w - 0*s - 2*s + 8, -5*s + 24 = -3*w. List the prime factors of w/20 - (-164)/10.
2
Let r = -14 - -27. List the prime factors of r.
13
Suppose -2*n + 7*n = 25. Let j = n + -9. List the prime factors of 6 + j*(-3)/6.
2
Suppose -3*u + 4*v = 0, -7 = -3*v + 2. Suppose 4*m = -4*g + 96, 4*g - u = 12. What are the prime factors of m?
2, 5
Suppose 4*m - 44 - 44 = 0. Let x = -7 + m. Suppose -2*t + 3*o - 11 = -t, -3*o = -x. What are the prime factors of t?
2
Let t(m) = m**2 - 1. Let v be t(1). Suppose 3*x + x = -4*f + 64, v = 5*x + 2*f - 83. What are the prime factors of x?
17
Suppose 6*q + s + 1 = 4*q, 0 = 5*q + 2*s + 2. Let h be 0/(((-9)/(-3))/3). Suppose -3*k - 3*d + h*d + 54 = q, 4*d = -5*k + 91. List the prime factors of k.
19
Suppose -20 = 7*k + 22. Suppose 3*g + 5*a + 34 = -3, 4*a + 53 = -5*g. Let w = k - g. List the prime factors of w.
3
Suppose 0 = -2*s + 9*s - 1876. List the prime factors of s.
2, 67
Suppose -2*t + y + 388 = 0, 2*t - 5*y - 582 = -t. List the prime factors of t.
2, 97
Let z = 6 - -2. Let n be (-17)/(-6) - 2/(-12). Suppose a - i = 2, 3 = n*a + 2*i - z. List the prime factors of a.
3
Let j(k) = -2*k**3 - 9*k**2 - k + 2. Let u(p) = -3*p**3 - 9*p**2 - p + 2. Let l(w) = -4*j(w) + 3*u(w). What are the prime factors of l(9)?
7
Suppose 4*t - 5*t - o + 33 = 0, o = 1. List the prime factors of t.
2
Let z(v) = -v**3 - v + 1. Let f(p) = -5*p**3 + 7*p**2 + 3*p + 2. Let j(r) = -f(r) + 4*z(r). List the prime factors of j(8).
2, 5
Let z(j) = 3 + 1 - 7*j + 6*j + 0*j. What are the prime factors of z(-9)?
13
Let v(x) be the third derivative of -4/3*x**3 - 1/8*x**4 + 0*x + 3*x**2 - 1/120*x**6 + 2/15*x**5 + 0. What are the prime factors of v(7)?
2, 5
What are the prime factors of (-1530)/(-40) + (-1)/4?
2, 19
Let x be -106*(3 + (-28)/8). Let d = -26 + x. What are the prime factors of d?
3
Suppose -o + 2 = 4*d - 26, -5*d + 5*o + 10 = 0. Let i = -11 - -8. Let y = d - i. List the prime factors of y.
3
Suppose 3*x - 6 + 0 = -2*m, 5*x + 65 = 5*m. Suppose 0 = -2*k - 5*f + m, -5*f = -5*k - 10*f + 15. List the prime factors of k.
2
Let i(o) = o**3 - 14*o**2 - 11*o + 13. List the prime factors of i(15).
73
Let r(l) = l - 5. Let q = 3 - -5. Let g be r(q). Suppose -a = d - 3, -d + 27 = g*a + a. List the prime factors of a.
2
Suppose 0 = -4*f + 8. Suppose y = -y + 2, 0 = s - f*y. Suppose -s - 11 = -u. List the prime factors of u.
13
Let x(t) = -t**2 + 6*t - 3. Let i = -3 - -5. Suppose 0 = i*o - 6*o + 16. What are the prime factors of x(o)?
5
Let d = 7 - -2. What are the prime factors of d?
3
Let p(j) = j**3 - j - 1. Suppose 2*o + 13 = 3*w, 4*w - 5*o + 8*o = 6. List the prime factors of p(w).
23
Let k = -169 + 260. Let a = k - 65. Let o = 39 - a. What are the prime factors of o?
13
Suppose -10 - 6 = 4*q. List the prime factors of 33/12 + q/(-16).
3
Let j(m) = m**3 - 8*m**2 + 9*m + 5. Let s be -4*2/(-16)*14. List the prime factors of j(s).
19
Let v(x) = -10*x**2 + 1. Let h be v(-1). List the prime factors of (-146)/h - 2/9.
2
Suppose 2*c = -2*c + 8. List the prime factors of c.
2
Let s(u) = 2*u**2 + 6*u + 1. What are the prime factors of s(-5)?
3, 7
Let b be (-6)/21 - 732/(-14). List the prime factors of b/(-6)*-3 - 3.
23
Suppose -3*b + 5*i + 759 = b, -4*b + 4*i + 764 = 0. List the prime factors of b.
2, 7
Let t be 8/(-28) + 1292/14. What are the prime factors of t/6*3/2?
23
Let a be 4 + 3*5/(-3). Let u = -2 - -4. What are the prime factors of 3 + u + -1 + a?
3
Suppose -t = -15 + 55. Let m be (4/(-2))/2 + -55. Let q = t - m. List the prime factors of q.
2
Let n(v) = v**3 - v**2 + 2*v - 1. Let h be n(1). Let d(f) = f + 6*f - h + 2. List the prime factors of d(1).
2
Suppose 0 = 2*l - 4*j + 48, -4*j + 5*j = 5. Let d = l - -56. Suppose -d = -3*f - 12. List the prime factors of f.
2, 5
Let s(v) = -1 + 1 + 2*v. Let q be s(1). List the prime factors of ((-2 - -1) + q)*8.
2
Let l(x) = x + 17. List the prime factors of l(-5).
2, 3
Let x be (-6 + -4)*(-1)/2. Suppose g + 51 = 3*z, -85 = -x*z - 3*g + 8*g. What are the prime factors of z?
17
Let s(t) = -10 + 6 + 10*t + t**2 + 7 + 2. Let b be s(-11). Let h = b + -3. List the prime factors of h.
13
Suppose 0*t - 2 = 2*t. Let x = 3 - t. List the prime factors of x.
2
Let u(h) = 5*h - 1. Let x be u(-1). What are the prime factors of -2 + (-22)/x*3?
3
Let i = 10 + -5. Suppose j - 3 = 0, -i*j - 27 - 4 = -2*k. List the prime factors of k.
23
Let w = -2 - -18. Let r be w/(-20)*(4 - -1). What are the prime factors of 17 + r/(8/6)?
2, 7
Suppose 25 = -4*k + 2*b - 1, b + 27 = -3*k. Let l = 10 + k. Suppose l*z + 2*a = -4 + 34, 0 = 5*z - 4*a - 48. List the prime factors of z.
2, 3
Suppose -5 = -4*s + 19. Let u(c) = -c + 2. Let m(w) = 2*w - 1. Let p(x) = 2*m(x) + 3*u(x). List the prime factors of p(s).
2, 5
Suppose -115 = -3*g - 2*g. List the prime factors of g.
23
Let b(m) = m**2 + m + 5. Let f be b(0). Let w be 954/15 + 2/f. Suppose -a = 5*l - 77, -4*l + 0*l = 2*a - w. What are the prime factors of l?
3, 5
Let m = 1 + 28. Suppose x + 3*x = -5*h + 37, 3*h + m = 4*x. List the prime factors of x.
2
Let c(j) = j**2 - 9*j - 42. List the prime factors of c(-12).
2, 3, 5, 7
Let j(n) = 2*n**2 + 3*n + 1. What are the prime factors of j(-2)?
3
Let b be 6/(-21) + (-86)/(-7). List the prime factors of b/(-20) + (-712)/(-20).
5, 7
Let y(w) be the first derivative of 2*w**3/3 - 5*w**2/2 - 5*w - 2. What are the prime factors of y(5)?
2, 5
Suppose 2*c + 10 = 36. List the prime factors of c.
13
Let y = 1 - -36. What are the prime factors of y?
37
Suppose 0 = -2*b + b + 77. What are the prime factors of b?
7, 11
Suppose 233 = -2*q + 5*r, 0*r = -r - 3. What are the prime factors of q*-2*3/24?
31
Let s(j) = j + 8. Let x be s(-7). List the prime factors of (3 + x + -7)*-3.
3
Let p = 2 - 2. Let s be -1 + -27*(p - 1). Let t = -12 + s. List the prime factors of t.
2, 7
Let d = 90 + 0. What are the prime factors of d?
2, 3, 5
Suppose -3*l - 2*h = -13, 5*h - 16 = l - 3*l. Suppose -3*d = 2*d - 25. Suppose 5*m - d*c = 13 + 67, 34 = 2*m - l*c. List the prime factors of m.
2, 7
Let g(y) = -10*y**3 + 5*y**2 + 5*y - 7. Let k(n) = 21*n**3 - 11*n**2 - 11*n + 15. Let w(t) = -13*g(t) - 6*k(t). What are the prime factors of w(2)?
3, 13
Suppose 4*w - 6 = 30. What are the prime factors of w/(-2)*(-12)/18?
3
Let v = 4 - 5. List the prime factors of 2 + 27 + v + 2.
2, 3, 5
Suppose 0 = -2*w - 0*u + 3*u, w - 2*u = -1. What are the prime factors of (w/6)/((-1)/(-6))?
3
Let z = 707 + -368. List the prime factors of z.
3, 113
What are the prime factors of 1*(0 - -6)*5?
2, 3, 5
Let n = -4 - -8. What are the prime factors of (-1)/((8/(-34))/n)?
17
Let k = 771 + -530. What are the prime factors of k?
241
Suppose 4*y + 54 = 6*y. What are the prime factors of y?
3
Let p(l) = -173*l**2 - 8*l - l**3 - 8 + 166*l**2 + 0*l**3. Suppose 6*a = 2*a - 24. What are the prime factors of p(a)?
2
Let t be 2/(-6) - (-40)/(-15). List the prime factors of ((-36)/t)/((-4)/(-8)).
2, 3
Suppose 5*p + 0*n + 51 = -n, -12 = -3*n. Let l = 28 + p. List the prime factors of l.
17
Let n(w) = 4*w - 4*w - 4*w + 3*w. What are the prime factors of n(-2)?
2
Let z(v) = 13*v + 1. Let f be z(4). Suppose 104 = 4*r - 24. Let q = f - r. What are the prime factors of q?
3, 7
Suppose -6*q + 5*d = -3*q - 355, 0 = q + 3*d - 123. List the prime factors of q.
2, 3, 5
Let p(o) = -o**2 - o + 2. Let x be p(0). Suppose x*t - 15 = 3*s, s + 6 + 0 = t. Suppose t*a + 0*a = 9. What are the prime factors of a?
3
Let j(k) be the first derivative of k**4/4 - 5*k**3/3